common divisor of 65 and a?
13
Suppose -10 = -r - 2*q, 14 + 0 = -r + 4*q. Let s = 3 - r. Let i be (s + 127)*1/2. What is the greatest common divisor of i and 16?
16
Let k = -6 + 11. Suppose 2*j + 4*r + 26 = 128, -j = -k*r - 30. What is the highest common factor of 18 and j?
9
Let f = 1 - -10. Suppose 2*w = -2 - 2. Let d be (-92)/w - 1*2. Calculate the greatest common divisor of d and f.
11
Let r(v) = -v**2 - 17*v - 18. Let f be r(-16). Let a(i) = -21*i**3 - 2*i**2. Let z be a(f). What is the highest common factor of 20 and z?
20
Suppose 31 = z + 11. Let y be (2 + -1)/(1/(-6)). Let i(d) = -d**2 - 7*d - 1. Let m be i(y). Calculate the greatest common factor of m and z.
5
Let b be -2 + (-3 - -3) + 11. Suppose v - 9 - 9 = 0. What is the highest common divisor of b and v?
9
Let k = 26 - 18. What is the highest common divisor of k and 56?
8
Suppose 0 = s - 5*y - 31, -5*s + 2*s = 5*y - 13. Suppose -105*f = -108*f + 132. What is the highest common divisor of s and f?
11
Let o = 7 - -1. Let b = 95 - 67. Let h = b - o. Calculate the highest common factor of 30 and h.
10
Let j(o) = 5*o**2 + o + 2. Let t be j(2). Calculate the highest common divisor of t and 72.
24
Let d(v) = 0*v**2 - v + 2*v**2 - 3*v**2 + 0*v + 5. Let g be d(0). Suppose -2 = -5*j + 3, 0 = -3*b - g*j + 113. Calculate the greatest common divisor of b and 9.
9
Let j be 2/(-3)*1*-42. Suppose 68*t + 56 = 72*t. Calculate the highest common factor of t and j.
14
Let i be (-30)/25*(0 + 5). Let b(r) = -4*r - 8. Let j be b(i). Let q = 73 + -33. Calculate the greatest common factor of j and q.
8
Suppose 0 = -5*t + 103 + 7. Suppose -5*x + 16 = -4, -20 = 2*d - 4*x. Let r be -1 + 5 + d + 0. Calculate the greatest common divisor of r and t.
2
Let a = 4 + 4. Let c = 1 - -1. Let s be (-1)/c*2 + 5. Calculate the highest common divisor of s and a.
4
Let h = 130 + -116. What is the highest common divisor of 42 and h?
14
Let t = 43 - 29. Calculate the highest common divisor of t and 14.
14
Let l(q) = -5*q - 4. Let x = 2 + -6. Let i be l(x). What is the greatest common factor of 2 and i?
2
Let o be 6 - 7/((-28)/(-12)). Calculate the greatest common factor of 1 and o.
1
Let m be (-6)/21 - (-2524)/14. Let b = -30 + 62. Let w be (b/20)/((-4)/(-50)). Calculate the highest common divisor of m and w.
20
Suppose 2*r + 48 = 5*r + 3*w, 2*w + 58 = 3*r. What is the highest common factor of r and 9?
9
Let g = 0 - -3. Suppose 4*p = 2*x - 26, 5*x = 3*x - 3*p + 33. Calculate the greatest common divisor of g and x.
3
Let b = 219 - 123. What is the highest common divisor of 24 and b?
24
Suppose 5*p + 60 = 10*p. What is the highest common divisor of p and 3?
3
Let n(b) = -b**3 - 5*b**2 - 4*b + 5. Let f be n(-4). Suppose f*y - 6 = -2*h - 0, -8 = -4*y. Let x = 6 + h. Calculate the highest common divisor of 36 and x.
4
Let b be (-3 + (-5)/(-2))/((-2)/64). What is the highest common factor of 2 and b?
2
Suppose 0 = 3*r - 45 + 171. Let w = r + 72. Suppose 80 = 4*t + 5*z, -4*z + 95 = 5*t + z. What is the greatest common divisor of w and t?
15
Suppose -2*u = -57 + 5. Suppose 4*b + 6 = u. Suppose 0 = 4*z + b - 57. Calculate the greatest common divisor of z and 13.
13
Let b(m) = -54*m**3 + m**2. Let t be b(-1). Calculate the highest common divisor of t and 11.
11
Suppose p = 3*q + 3*p - 11, -4*p = 4*q - 12. Suppose -12 = -2*i - q*x + 4, -i + 11 = x. What is the highest common factor of i and 91?
13
Suppose y + 4 = 3*y - 4*w, 3*y + 4*w - 6 = 0. Suppose -n - 4*n - 4 = -4*m, 3*m - 5*n + y = 0. What is the highest common divisor of m and 6?
6
Let l = -63 + 126. Calculate the highest common factor of 7 and l.
7
Suppose o + 0*o - 153 = 0. What is the greatest common factor of 17 and o?
17
Suppose 5*c + 33 = 5*b - 32, 0 = 5*c + 15. What is the greatest common divisor of 80 and b?
10
Suppose 2 + 0 = -x + 2*s, x - s + 1 = 0. Let t = x + 2. Let c be ((-6)/(-15))/(t/80). What is the highest common factor of 16 and c?
16
Suppose 0*q + 55 = 3*q + 5*n, q = -3*n + 25. Suppose -39 = 3*s - 3*p, -4*s - p = s + 71. Let w = -10 - s. Calculate the highest common divisor of w and q.
2
Let g(k) = -3*k + 4 - 7 - 3. Let d be g(-4). Let r = 94 + -64. Calculate the greatest common factor of r and d.
6
Let x(u) = -2*u. Suppose 0*w - 4 = w. Let f be x(w). Calculate the highest common factor of f and 40.
8
Suppose 154 = 5*q + 2*x, 2*q + 4*x + 0*x - 52 = 0. Let m = -3 + 4. Let r be m + -1 + 16/1. What is the highest common divisor of r and q?
16
Suppose 80 = r + r. Suppose 0 = n + 2*o - r, -o - 80 = -2*n + 3*o. Suppose -2*g + g = -n. What is the greatest common divisor of g and 8?
8
Suppose 0 = -3*d + 5*v + 309, -4*d = -d - 3*v - 315. Calculate the highest common divisor of 27 and d.
27
Suppose 4*w - 42 = w. Suppose 3 = 4*u - 21. Suppose -w + u = -f. What is the greatest common factor of 72 and f?
8
Suppose -4*c + 99 = -1. What is the highest common divisor of 10 and c?
5
Suppose 5*l = 4*s + 17, -2*s = -3*s - 3. Let g(r) = -r**3 + 4*r**2 - 3*r + 1. Let w be g(2). Let d = w - l. Calculate the highest common factor of d and 10.
2
Let h(j) = -19*j**3 - j**2 - 3*j - 1. Let z be h(-1). Calculate the greatest common divisor of 140 and z.
20
Let f = -25 + 55. What is the highest common divisor of 20 and f?
10
Let c(b) = -b**2 - 7*b + 2. Let s be -5 + (-1 - (2 - 3)). Let l be c(s). Calculate the greatest common divisor of 6 and l.
6
Let i(r) = -r**2 - 10*r - 9. Let k be i(-7). Let q(s) = -3*s + 1. Let f be q(-1). Calculate the greatest common divisor of k and f.
4
Suppose i - 11 + 4 = d, -5*d = 2*i. Let n(y) = -66*y**2 + y - 1. Let a be n(1). Let q = a - -121. What is the greatest common factor of q and i?
5
Suppose r - 179 = -3*u - 0*r, 5*r = -5*u + 295. Calculate the greatest common factor of u and 15.
15
Suppose 7*c + 15 = 4*c, 0 = -5*l - c + 20. Suppose y - 52 - l = -4*m, 3*y = -4*m + 51. What is the greatest common divisor of 120 and m?
15
Let f(h) = 2*h**2 - h - 7. Let o be f(-3). What is the highest common divisor of o and 126?
14
Suppose -3*t - 2*r + 36 = -37, 0 = 5*t + r - 110. Let a(x) = -x**3 - x + 285. Let u be a(0). Let m = -117 + u. Calculate the highest common factor of t and m.
21
Let c(y) = y**3 + 2*y**2 + 2*y + 2. Let g be c(-2). Let i be -117*(1 + g) - -2. Calculate the highest common factor of i and 17.
17
Let f = 27 + -7. Calculate the highest common factor of 40 and f.
20
Let k be 181/4 + 2/(-8). What is the highest common divisor of 18 and k?
9
Let q(l) = -l**3 - l**2 + l + 11. Let x be q(0). Calculate the highest common divisor of 121 and x.
11
Suppose -15 = f - 105. What is the greatest common factor of f and 10?
10
Suppose 170 = -5*x - 0*x. Let g be 8/12 - x/(-6). Let d be (12/g)/((-2)/10). Calculate the greatest common factor of d and 96.
12
Let b be (-2)/3 - 260/(-30). What is the highest common factor of b and 8?
8
Suppose 3 = -2*f - 5, c - 4 = f. Let k be 217 - (0 + c/(-4)). What is the highest common factor of k and 31?
31
Let n be ((-11)/(-3) + -3)/((-2)/3). Suppose 10 + 2 = 3*m. Let x = m + n. Calculate the highest common factor of 15 and x.
3
Suppose -4*v = -5*m + 29, v - 5 = -m + 2*v. Suppose n + 5 + 1 = 0. Let s be (-1)/(m/n)*24. Calculate the greatest common divisor of 24 and s.
8
Suppose -3*i = -5*i + 1014. Let a be 1/(-1) - i/3. Let c = a + 254. Calculate the greatest common divisor of c and 12.
12
Suppose 5*v - 39 = 141. What is the highest common factor of v and 4?
4
Let x be ((-12)/(-14))/((-5)/(-70)). What is the greatest common factor of x and 8?
4
Let g(n) = 31*n**2 - n. Let w be g(-1). Let p be -2 + (-2 - 0)*-41. What is the highest common divisor of w and p?
16
Suppose 2*v - 36 = -2*v - 4*s, 5*v - s - 27 = 0. Let d(f) = -f**2 + 7*f + 1. Let z be d(v). Suppose -c = -z - 7. What is the greatest common factor of 21 and c?
7
Suppose -50 = q - 95. Suppose -n + z + 5 = 0, -5 = -n - 2*z - 0*z. Calculate the greatest common divisor of q and n.
5
Let x be (1 + 0)*(-3 + 2). Let c(z) = -143*z - 1. Let q be c(1). Let m be x/2*q/2. What is the greatest common divisor of m and 54?
18
Let k(n) = 28*n + 4. Let h be k(1). What is the highest common factor of 32 and h?
32
Let p be 3 + 4*7/4. What is the highest common factor of 70 and p?
10
Suppose -i = -4*u + 37, 0 = 3*u - 2*i - 8 - 16. Suppose 0 = -4*l + 9*l - u. Let b = 15 - -3. What is 